 j**3 + 7 + 219*j**2 - j - 1 - 110*j**2. Calculate a(8).
-2
Let g be (-5*(-8)/20)/(1 - 3). Let n(o) = -o**2 + 1. Let b(i) = 2*i**2 - 8*i - 5. Let d(s) = g*b(s) - n(s). Calculate d(6).
16
Let u(x) be the first derivative of x**4/4 - x**3/3 - 10*x - 7. What is u(0)?
-10
Suppose 2*t + 20 = 4. Let g = t - -7. Let n(c) = 2*c. Let z be n(g). Let l(u) = u**3 - 2*u - 1. Determine l(z).
-5
Let b(o) = -o**2 - 53*o + 226. Let g be b(-57). Let c(n) = -6*n - 4. Let l(a) = a**2 - 13*a - 9. Let x(u) = -7*c(u) + 3*l(u). Determine x(g).
7
Let z(r) = r + 5. Suppose -g = -u - u - 9, -3 = -3*g - 2*u. Suppose -g*d + 6*d + 18 = 0. What is z(d)?
-1
Let r(y) = 3*y**3 - 3*y**2 - 6*y - 8. Let t(s) = 4*s**3 - 3*s**2 - 7*s - 9. Let i(j) = 5*r(j) - 4*t(j). Determine i(-3).
2
Let v(g) = 2*g**3 - 8*g**2 + 3*g. Let r(o) = 2*o**3 - 9*o**2 + 3*o. Let i(d) = -3*r(d) + 4*v(d). Give i(3).
18
Let g be (34/3)/(6/9). Suppose -4*h + 5*u + 0 = -g, -3*u = 3*h - 6. Let m(v) = 3*v - 27. Let f(q) = q - 8. Let d(w) = 7*f(w) - 2*m(w). Determine d(h).
1
Suppose 42 = -3*h - 18*z + 15*z, -3*h - 38 = -z. Let y(k) = -3*k - 37. What is y(h)?
2
Let x = -250 + 250. Let a(q) be the second derivative of 2*q**2 + 3*q + x + 1/3*q**3. What is a(-4)?
-4
Suppose -5*d = -2*c + 16, 0*d + 7 = c - 2*d. Let z(t) = -3 - c + t - t - t. Give z(-4).
-2
Let w be (-8 + 1)/(-1 + 3 - 1). Let d(a) be the second derivative of a**3 - a + 0 + 1/12*a**4 - 3/2*a**2. Calculate d(w).
4
Let h be (2/(-3))/(14/(-63)). Suppose -4*y + u + 9 = 0, 2*y - 6*y - h*u = -5. Let a be 3 - (6 + (y - 1)). Let z(l) = l**3 + 4*l**2 + 4*l + 5. Determine z(a).
-11
Let s(u) = u**2 - 1. Let m be s(1). Let a(l) = l**3 + 10*l**2 + 8*l - 4. Let g be a(-9). Let o(x) = -8*x + x**2 - g - 3 + 9*x - x**3. Calculate o(m).
-8
Let b be (40/(-6))/((40/(-12))/5). Let v(r) = -4*r + 35. Give v(b).
-5
Let y(l) = -37*l**3 - l**2 + l - 1. Let h be y(1). Suppose 31*i + 741 + 375 = 0. Let f = h - i. Let q(r) = 2*r**3 + 2. What is q(f)?
-14
Let t(d) = -2 - 10 - 4 + 3 + d. Determine t(0).
-13
Suppose 7*n + 19 = 68. Let v(w) = w**3 - 6*w**2 - 10*w - 2. Give v(n).
-23
Let w(c) = c**2 + 16*c + 4. Let v(r) = r**2 + 14*r + 4. Let b(u) = 6*v(u) - 5*w(u). Calculate b(-8).
36
Let a(q) = -q. Let r(s) = -33*s. Let x(h) = -44*a(h) + r(h). Let d(v) = v**2 - 9*v - 17. Let o be d(9). Let c be o/(-34)*(1 + 1). Calculate x(c).
11
Let r(o) = -o**3 + 11*o**2 - 7*o - 26. Let x(w) = 2*w**2 - w. Let g(f) = -r(f) + 6*x(f). Give g(0).
26
Suppose -b - 2 = 7. Let u = b + 7. Let j(f) = -9*f - 1. Calculate j(u).
17
Suppose -z - 2 = a, -4*z - 4*a = -2*a + 8. Let k be z/(4 + -6*1). Suppose -o + k + 2 = l, 0 = -2*l - 5*o. Let s(r) = r**2 - 3*r - 1. Calculate s(l).
9
Let n(k) = k**3 + 5*k**2 + 5*k - 4. Let h(w) = w - 1. Let d(c) = c**2 - 9*c + 9. Let a(g) = -d(g) - 5*h(g). Let b be a(4). Calculate n(b).
-8
Let o(f) = 5*f + 12. Let w(v) = 8*v + 23. Let l(d) = -5*o(d) + 3*w(d). Give l(14).
-5
Let t = -2 - 4. Let n(p) be the first derivative of -p**4/4 + p**3/3 - p + 16. Let j(f) = f**3 - 9*f**2 - 6*f + 10. Let x(h) = j(h) + 2*n(h). What is x(t)?
8
Suppose -4*c - 5*b + 7 = 0, -5*b - 4 + 2 = c. Let k(r) = 3*r**2 - 5*r + 3. Let z(n) = 2*n**2 - 4*n + 3. Let y(w) = 3*k(w) - 4*z(w). Calculate y(c).
9
Let m = 18 - 6. Let b be (-80)/m - (-4)/6. Let s(d) = -11*d**2 - 9*d + 3*d + 5*d**2 + 5*d**2 - 1 + 5. Calculate s(b).
4
Suppose 0 = -3*y - 2*s + 18, 3*y - 5*s = -13 + 31. Let l(w) be the third derivative of -1/24*w**4 + 0 + 0*w - 25*w**2 - 1/6*w**3. What is l(y)?
-7
Let t(f) be the third derivative of -9*f**2 + 0 - 1/3*f**3 + 0*f - 5/24*f**4. Determine t(-4).
18
Let o(r) be the third derivative of -r**5/30 - r**4/12 + r**3/3 + 15*r**2 - 2*r. Determine o(2).
-10
Let r(f) = -4*f - 33. Let j be r(-9). Let q(m) = -2*m + 1. Give q(j).
-5
Let i(w) = -24*w**2 - w + 25*w**2 - 4*w**3 - 1 + w + w. Determine i(1).
-3
Let j = -10 - -5. Let m(d) = -d**3 - 14*d**2 + 16*d + 18. Let u be m(-15). Let o(q) = 1 + 2*q + 11*q**2 - 16*q**2 - q**u + 2. Calculate o(j).
-7
Let w(y) = y**2 - y + 2. Let p(f) = f. Let h(b) = p(b) + w(b). Let z(l) = -l. Let g(m) = -h(m) + z(m). What is g(-2)?
-4
Let w(u) be the second derivative of -u**6/360 + u**5/30 - u**4/24 + 2*u**3 + 12*u. Let n(s) be the second derivative of w(s). Calculate n(3).
2
Let q(c) = c**2 + 2*c - 1. Suppose -10*s = -7*s + 87. Let u = s + 26. What is q(u)?
2
Let t(r) = r**2 + 8*r + 2. Let v(f) = f + 9. Let z be v(-13). Determine t(z).
-14
Let p be (2 + (-3)/2)*-6. Let k(t) be the first derivative of -t**2/2 - 4. Let x(b) = 7*b + 7. Let q(l) = -6*k(l) - x(l). Calculate q(p).
-4
Let n(i) = -i**3 - 3*i**2 + 10*i - 6. Let y be n(4). Let o be (8/52 - 14/y)*9. Let u(h) = h + 3*h - 7*h + 3. Give u(o).
-6
Let g be (0*(-2)/6)/(-2). Let b(h) = 6*h - 5. Let o(i) = -i + 1. Suppose 5 = 4*u - 5*u. Let s(q) = u*o(q) - b(q). Determine s(g).
0
Let a(d) = -d**3 + 13*d**2 - 13*d + 11. Let r = -679 - -691. Determine a(r).
-1
Let b(p) = p**3 + 5*p**2 + 7*p + 4. Suppose 49*l - 29*l + 80 = 0. Calculate b(l).
-8
Let w be (3 - -2) + 2 - 4. Let l(f) = 0*f + 2*f - w*f + 2. What is l(-5)?
7
Let d = 2 + 4. Let x(v) = -5*v - 1. Let y(k) = -k. Let m(s) = 2*x(s) - 9*y(s). Let a(t) = -3*t - 6. Let n(f) = -2*a(f) + 7*m(f). Calculate n(d).
-8
Let v(i) = i**2 + 44*i + 2 + 0 - 33*i - 10*i + 0. What is v(0)?
2
Let x(m) = -m + 1. Let n be 6*-6*(-5)/45. What is x(n)?
-3
Let l = -5 - -18. Let h(x) = -l*x**2 + 0*x**2 - 4*x - 9 - x**3 + 7*x**2. Give h(-6).
15
Let i(h) be the first derivative of h**2/2 - 4*h + 295. Calculate i(10).
6
Let b(a) be the first derivative of -2*a**3/3 - a**2 + 4*a + 424. What is b(3)?
-20
Let r(x) be the first derivative of -x**3/3 - 7*x**2 - 8*x - 77. Calculate r(-14).
-8
Let g = 33 + -33. Suppose -2*d + 8 - 2 = g. Let p(a) = 3*a - 2 - 4*a**2 - 1 + 3*a**2. Calculate p(d).
-3
Suppose 0 = 2*f - 82*q + 80*q - 22, -2*f = -3*q - 25. Let d(n) = 2*n - 16. Calculate d(f).
0
Let u(w) be the second derivative of w**4/12 + 5*w**3/6 + 2*w**2 + w. Let q(a) = 21*a**2 + 254*a + 20. Let k be q(-12). Determine u(k).
0
Let y be (43 - 44)/(1/(-2)). Let q(t) be the third derivative of 0*t + 9*t**y + 1/30*t**5 + 1/2*t**3 + 1/8*t**4 + 0. Determine q(-3).
12
Suppose -10 = 9*t - 19. Let z(l) = 5*l**2 + l - 2. Let p(q) = 4*q**2 - 1. Let n(i) = 3*p(i) - 2*z(i). What is n(t)?
1
Let h(m) = m - 7. Suppose -14 - 16 = 2*j. Let c(f) = f**2 - 7*f - 10. Let a be c(10). Let r = j + a. Calculate h(r).
-2
Let m(u) = -17*u**2 - 126*u - 56. Let k be m(-7). Let o(b) = -3*b**2 - 2*b**2 + 4*b**2 - 6*b. Calculate o(k).
-7
Let u(c) = 4*c**2 + c - 1. Let n(r) = -21*r**2 - 6*r + 6. Let x(q) = 2*n(q) + 11*u(q). Let b(g) = g**3 + 2*g**2. Let w be b(-1). Let k = -1 - w. Give x(k).
11
Let z(r) = 14*r**2 + 4*r - 1. Let x be (1 + (4 - 3))*-2. Let k(s) = -s. Let t(v) = x*k(v) - z(v). Determine t(1).
-13
Let g(s) = s**3 - 2*s**2 + 0 - 4*s - 2*s**3 - 2*s**2 - 2. Let h(l) = -2*l**2 + 4*l + 13. Let f be h(-2). What is g(f)?
1
Suppose 65*h - 5*h = -120. Let n(a) = -2*a**2 - a. What is n(h)?
-6
Let k(g) = -g**3 - 3*g**2 + 10*g - 4. Let c be (-20)/30*(-30)/(-4). Let s be k(c). Let r(b) = b**2 + 3*b - 5. Give r(s).
-1
Let c(b) = b - 2. Suppose -8*z = -292 - 124. Let f = 56 - z. Calculate c(f).
2
Let b(g) = -3*g + 9. Let d(v) = -10*v + 29. Let z(m) = 7*b(m) - 2*d(m). Let n(j) = -j + 14. Let s be n(8). What is z(s)?
-1
Let p(o) = o**3 - 2*o**3 - 2*o + 0*o + o**2 + 3*o**2 - 1. Calculate p(4).
-9
Let r(o) = -o**3 - 10*o**2 - 8*o + 7. Suppose -9*y - 3*y + 72 = 0. Let n(m) = m**3 - 6*m**2 - m - 3. Let g be n(y). Give r(g).
-2
Let i be -4 - ((-2)/(-2) - 28). Let b = i - 27. Let u be (-66)/(-12) + (-2)/b. Let s(f) = 2*f - 7. Calculate s(u).
5
Let m(l) be the second derivative of 13*l**3/6 - l**2 - 12*l + 13. Determine m(-2).
-28
Let s(c) = c**2 - 5*c. Suppose 0 = 17*k - 534 + 415. Give s(k).
14
Let t(d) = d**3 + 3*d**2 - 4*d - 1. Let q = -73 - -69. Give t(q).
-1
Suppose 3*l = -l - 4*g - 40, -4*l - 16 = -2*g. Let n(q) = -q**2 - 6*q + 4. Give n(l).
4
Let z(k) = 6*k**2 + 18*k - 4. Let g(u) = -13*u**2 - 41*u + 7. Let t(j) = 4*g(j) + 9*z(j). Determine t(0).
-8
Let n(v) = -2*v - 10. Suppose 22 = -i - 5*h, 5*i - 2 = 4*h + 33. Suppose -6*q + i*q - 24 = 0. Determine n(q).
6
Let t(z) = -z - 10. Let f be t(-11). Let a(d) = 2*d**3 + d**2 - d. Let s be a(f). Let p(l